the first derivative of -7/2*u**2 - 2/3*u**3 - 1 - 5*u. What is p(t)?
-9
Suppose -4*t + 4*p = -4, 11*t - 14*t - p - 5 = 0. Let m(s) = 4 - s**2 - s - 2 - 3. What is m(t)?
-1
Let j(h) be the first derivative of -7*h**3/3 + 1. Suppose 0 = 3*p - 2*i + 8 - 2, 4*i + 12 = 0. Let n = 5 + p. What is j(n)?
-7
Let a(p) = 2*p**3 + 2*p**2 - 2*p + 1. Suppose 4*s - 18 = k + 7*s, 4*k + 3*s + 99 = 0. Let f = 28 + k. Determine a(f).
3
Suppose -3*w + 22 = -140. Let u(d) = 2 + 2*d - 53*d**2 - 1 + w*d**2. Determine u(-2).
1
Let y(p) = p**2 + 23*p - 17. Let j be y(-24). Let t(a) = a**2 - 6*a - 8. Give t(j).
-1
Let r = -4 - 1. Let j(u) be the third derivative of 0 + 0*u**4 + 5*u**2 - 1/12*u**5 - 1/3*u**3 - 1/120*u**6 + 0*u. Determine j(r).
-2
Let d(p) = -p**3 + 5*p**2 - 4*p - 1. Let z = -5 + 8. Calculate d(z).
5
Suppose 0 = 2*h + 3*h - 20. Suppose 2*s = -2*s - 8, 4 = 4*i + 4*s. Let a(o) = o**2 + 4. Let n(v) = -v**2 + v - 3. Let u(x) = i*n(x) + 2*a(x). Give u(h).
-5
Let n be ((-5)/(-2))/((-3)/6). Let s = 23 - 14. Let w = n + s. Let q(r) = r - 2. Give q(w).
2
Let k(r) = 2 + 413*r**2 + r + 0*r - 412*r**2. Calculate k(-3).
8
Let u be (-66)/10 - 30/(-50). Let l(x) = -x**2 - 4*x - 6. What is l(u)?
-18
Let l(n) be the first derivative of 1/2*n**2 - n - 1 - 2/3*n**3. Let f(i) be the first derivative of l(i). What is f(1)?
-3
Suppose -11 = -4*h + 1. Let c be ((-5)/(-20))/(1/12). Let z(n) = -n + n**h + c*n**2 - n - 2*n. Give z(-4).
0
Let d(g) = -g**3 + 3*g**2 + g - 1. Let i(h) = -h**2 - 8*h - 9. Let t be i(-6). Give d(t).
2
Let j(a) = 4*a - a + a**2 + 3 - 5*a - a**3. Let v(s) = -s**3 + 3*s**2 + s - 1. Let u be v(3). Suppose -8*h + u = -7*h. Give j(h).
-5
Let l = 6 + 0. Suppose 0*u = -3*u + l. Let k(p) = -p**3 - 4*p**u + 7*p**2 + 3*p - 2 + 0*p. Determine k(3).
7
Let b(k) be the second derivative of k**5/20 - k**4/4 - k**3/3 + 3*k**2 - 7*k + 5. Determine b(4).
14
Let n(f) be the second derivative of f**4/12 - 7*f**3/6 + 4*f**2 - 5*f. Let q be n(5). Let j(o) = -3*o + 1. Give j(q).
7
Let g(l) = 0*l**2 + l**2 - 4*l**2. Let k(o) = -o**3 + 2*o**2 + o + 4. Let a be k(3). Let f be ((-3)/(-6)*a)/(-1). What is g(f)?
-3
Let x(a) = 5*a**2 - 2. Suppose -y - 3 - 11 = 5*w, 5 = 2*y - w. Let k(c) = -c**2 + 1. Let s(i) = y*x(i) + 2*k(i). Give s(1).
3
Let t be 3 + -1 + (-7 - -3). Let f(c) = -c**3 + c**2 + 3*c + 3. Determine f(t).
9
Let n(u) = -4*u + 3. Suppose 4 = 3*y + 1. Let p(l) = l**2 + 1. Let h be p(y). Give n(h).
-5
Let g(d) = d**2 - 2*d - 7. Let v(b) = b + 1. Let f(o) = -g(o) - 5*v(o). What is f(-3)?
2
Let k be 1/((-2)/6*-1). Let z(h) be the third derivative of -7/6*h**k - 1/24*h**4 + 0*h + 0 - 2*h**2. What is z(-5)?
-2
Let h(s) = 2*s. Let f be h(-1). Let o(n) = -2*n**2 - n + 2. What is o(f)?
-4
Let n(j) = 13*j**3 - j. Let t(a) = -a**2 - 5*a - 3. Let l be t(-2). Suppose -2*v - 1 = -l. Calculate n(v).
12
Let o(x) = -x**3 + x**2 + x - 1. Let i(k) = 2*k**3 - 3*k**2 - 4*k + 3. Let u(h) = i(h) + 4*o(h). Let v = 2 + -1. What is u(v)?
-2
Suppose 5*o + 3*w - 90 = 2*o, o = -2*w + 32. Suppose 0 = 3*n + s - 12, -5*n + 3*s + o + 6 = 0. Let r(g) = g. Calculate r(n).
5
Let d = -33 + 27. Let n(a) = -a**3 - 6*a**2 + a - 8. What is n(d)?
-14
Let c(n) = 9*n**2 + 2*n - 1. Suppose 0 = -k + 5*f - 9, -3*f + 0*f + 4 = -2*k. Give c(k).
10
Let k(a) = -4*a**3 + 2 + 3*a**3 - a**2 + 10*a - 5*a + 2. Suppose 4*u = 2*x + 16, -u - 4 + 8 = -2*x. Suppose -q = -u*q - 9. Determine k(q).
7
Let h(r) = -2*r + 3 - 5*r - 4 - 12*r. Calculate h(-1).
18
Suppose -3*l + 14 = 5. Let r(j) = 2*j**2 - 3*j - 1. Calculate r(l).
8
Let n(m) = -m**3 - m**2. Let s(z) = 5*z**3 + 5*z**2 + 3*z + 3. Let i(t) = -6*n(t) - s(t). Let q be (3/(-2))/(9/12). Give i(q).
-1
Let c(m) = m**2 + 4*m + 6. Suppose -4*w + w = 6. Let h = w - -1. Let r = -3 + h. Calculate c(r).
6
Let b(k) be the first derivative of -k**4/4 + k**3 + 5*k**2/2 - 6*k - 12. Give b(4).
-2
Let v(b) = -b**3 + 6*b**2 + 3*b - 6. Let l(o) = -o**3 - 5*o**2 - 6*o - 2. Let n be l(-4). Give v(n).
12
Let j(q) = q**2 - 5*q + 2. Let v be j(5). Let k(a) = 8*a**2 + 1 - 2*a**v - a**3 - 6*a + 0*a**2. Let r be (10/(-4))/(2/(-4)). Give k(r).
-4
Let o(b) = 8*b - 4*b - 3*b. Calculate o(3).
3
Suppose -q + 2*q = 3. Let i be q + -2 + -6 + 3. Let g(j) = -3*j**2 + j - 2. Let m(n) = -2*n**2 - 2. Let o(p) = 3*g(p) - 4*m(p). Calculate o(i).
-8
Let l(k) = -k - k**3 + 11 + 21*k**2 - 35*k**2 + 22*k**2. Let j be 4*(-2)/(-3)*3. Calculate l(j).
3
Let x(u) be the third derivative of -u**5/60 + u**4/8 - u**3/3 - 25*u**2. Determine x(2).
0
Let n(g) = 21 - 13 - 3*g - 9 + 5*g - 11*g**2. Calculate n(1).
-10
Let o = 5/162 + 1/405. Let t(p) be the third derivative of 0 + 1/6*p**3 + 0*p + o*p**5 - 2*p**2 + 1/24*p**4. What is t(-1)?
2
Let f(p) be the third derivative of p**4/24 - p**3/6 + 12*p**2. Determine f(-5).
-6
Let k = 53 - 47. Let m(o) = -2*o + 8. Give m(k).
-4
Suppose -4*z + 5*w = 5, -4*w = -0*z - 2*z - 10. Let n(g) = g**3 - 5*g**2 + 2*g - 5. Determine n(z).
5
Let x = -6 + 9. Let d(h) = h + 1. Let o be d(x). Suppose -2*g = -o*z, -2 = 2*z - 2*g - 6. Let t(p) = p**3 + p**2 - 2*p - 1. Determine t(z).
-1
Suppose -5*d = -10*d. Let f(v) = d*v + 3 + 5 - v - 1. What is f(8)?
-1
Let q(t) = -t**3 + 6*t**2 - 2*t + 7. Let j be q(6). Let r(w) = -w - 1. Let x(n) = 6*n + 7. Let k = 2 + -7. Let u(v) = k*r(v) - x(v). Give u(j).
3
Let x(y) be the third derivative of y**4/24 + y**3 + 15*y**2. Calculate x(-5).
1
Suppose -k + 9 = -2*k. Let r(g) = g**3 + 9*g**2 + 13. Determine r(k).
13
Suppose 8*j + 14 = 3*j - k, 0 = -4*j - 3*k - 9. Let t(i) = -i**3 - 3*i**2 - i + 1. Give t(j).
4
Let w(p) = -2*p**2 - 3*p - 10. Let b(t) = 3*t**2 + 3*t + 11. Let m(c) = 3*b(c) + 4*w(c). Suppose -7*q + 2*q = -25. Determine m(q).
3
Suppose 0*i = i + 1. Let k(n) = 3*n. What is k(i)?
-3
Let o(a) = -5*a + a**2 + 13 + a + 3*a - 16. What is o(3)?
3
Suppose -c - c = 4. Suppose -7 = 4*a + 17. Let m(z) = 3*z**2 + 3*z + 6. Let i(n) = -n**2 - n - 2. Let q(u) = a*m(u) - 17*i(u). Calculate q(c).
-4
Let b = 58 - 38. Let v be (-2)/1*b/(-8). Let i(h) = -h - 2. What is i(v)?
-7
Let u(x) = x - 7. Let p(y) = 2*y - 12. Let j(q) = 6*p(q) - 11*u(q). What is j(-6)?
-1
Let n(r) = -2 + 1 + 3*r**2 + 3 - 2*r**3 + 3*r + 2. Give n(3).
-14
Let k(h) = h + 4. Let g be k(-4). Let t = -1 + g. Let y be -5*(t + 4/2). Let v(j) = 2*j - 3. Give v(y).
-13
Let s(c) = -c**2 + 8*c - 4. Let h(r) = 2*r + 4. Let p be h(1). Calculate s(p).
8
Let m be 2 + -2 + (3 - 2). Let v be 3/(-3) + 1/m. Let d(w) = w + 7. Let p(b) = b + 7. Let s(z) = 6*d(z) - 7*p(z). Determine s(v).
-7
Let j(i) = 3*i**2 - 10*i - 4 - 2*i**2 + 6*i - 3*i**2. Determine j(-3).
-10
Suppose -a + 8 - 20 = 3*n, 20 = -3*a - 5*n. Let l(g) = g**3 + g**2 - 9. Calculate l(a).
-9
Let l be ((-15)/(-6))/((-2)/(-4)). Let y(c) = -4*c - c**2 - 1 - 7 + l. Give y(-5).
-8
Let o(c) = c**3 - 3*c**2 - 2. Let w(a) = -7*a + 24. Let g be w(3). Determine o(g).
-2
Let j(s) = -s**3 - 5*s**2 + 8*s + 4. Let r be (-4)/(-2)*3*-1. What is j(r)?
-8
Suppose 0 = -0*z + z + 2. Let m(c) = 3*c**2 + 2*c. Let w(j) = -2*j**2 - j. Let g(s) = -3*m(s) - 4*w(s). Determine g(z).
0
Let t(a) = -10*a + a**3 + 181*a**2 - 87*a**2 - 10 - 88*a**2. Calculate t(-7).
11
Let y(n) be the first derivative of n**4/24 - n**3/3 + n**2/2 - 1. Let j(i) be the second derivative of y(i). Let s = 177 + -172. What is j(s)?
3
Suppose -3*h + 5*h = 5*m - 20, 5*m - 5*h - 20 = 0. Suppose -18 = 3*j - k, 4*j = 2*j - 2*k - m. Let b(o) = o**2 + 5*o - 2. Give b(j).
-2
Let m(i) = i**2 + 5*i + 3. Let y be (24/(-9))/((-2)/3). Let k be -1*y - (8 - 8). Determine m(k).
-1
Let u(a) = 36*a**3 + 8*a**2 + 3*a. Let g(f) = 12*f**3 + 3*f**2 + f. Let s(q) = -8*g(q) + 3*u(q). Give s(-1).
-13
Let k(h) = -h. Let n(p) = p - 7. Let b(m) = -4*k(m) - n(m). Let w be 15*(-1)/(-3)*-1. What is b(w)?
-8
Let w(m) = m**2 + 0*m - 2 + 0*m**2 - 3*m. Let j be 6/(2 - (-3)/(-6)). What is w(j)?
2
Let k(u) be the second derivative of -u**5/60 + u**4/3 - u**3 - u**2 - 2*u. Let s(a) be the first derivative of k(a). Give s(6).
6
Let p be 1 + -2 - (-2 + -1). Suppose 2*q = -p*q + 24. Let h(d) = -5 - q*d - d**2 + 4 - 2. Give h(-5).
2
Let w be 9/3 + (0 - -4). Let h(b) = -b**2 + 5*b + 9. What is h(w)?
-5
Let s(d) be the third derivative of -11*d**7/5040 + d**6/720 - d**5/60 + 6*d**2. Let a(b) be the third derivative of s(b). Calculate a(1).
-10
Let u(s) = -7*s*